. Determine v(21).
48
Let y(t) = 2*t**3 - 384*t**2 + 8619*t + 2162. Calculate y(166).
4
Let k(n) = 6961*n + 494203. Give k(-71).
-28
Let c(q) = -3093*q + 535049. Give c(173).
-40
Let u(f) = -188*f + 2326. Calculate u(11).
258
Let o(i) = 3599*i - 14371. Determine o(4).
25
Let b(r) = 18569*r + 18333. What is b(-1)?
-236
Let g(k) = -k**2 - 1113*k - 291822. What is g(-690)?
48
Let s(g) = -62095*g - 61843. Calculate s(-1).
252
Let y(w) = 3*w**2 + 193*w + 1697. Give y(-12).
-187
Let q(v) = 4*v**3 + 28*v**2 + 55*v + 25. Determine q(-4).
-3
Let x(j) = 20*j**2 - 889*j - 579. What is x(45)?
-84
Let r(x) = x**2 - 16547*x - 1664716. Calculate r(-100).
-16
Let w(p) = -14*p**2 + 128*p + 704. Calculate w(-6).
-568
Let i(n) = 5767*n + 5469. Calculate i(-1).
-298
Let m(k) = -k**3 + 368*k**2 - 2181*k + 3216. Determine m(362).
-42
Let f(c) = -2*c**2 + 19308*c - 1074977. Calculate f(56).
-1
Let q(u) = 95*u - 40187. What is q(423)?
-2
Let y(o) = -o**3 + 21*o**2 + 15*o - 818. Determine y(23).
-1531
Let h(k) = -11*k**2 + 106*k + 7184. Calculate h(31).
-101
Let p(j) = -j**2 + 1942*j - 44024. Determine p(23).
113
Let o(c) = -c**3 - 96*c**2 + 375*c + 60828. What is o(-93)?
6
Let r(d) = 816*d + 11311. Calculate r(-11).
2335
Let k(q) = 604*q**2 + 412*q + 412. Determine k(-1).
604
Let s(r) = r**3 + 104*r**2 + 132*r + 2744. Give s(-103).
-243
Let i(b) = 7*b**3 + 3497*b**2 + 2400*b + 201595. Determine i(-499).
-1
Let d(r) = 10628*r + 435750. Calculate d(-41).
2
Let g(o) = -2*o**2 + 214*o - 4598. Calculate g(73).
366
Let u(d) = 534*d - 104156. Give u(195).
-26
Let k(m) = m**3 - 1351*m**2 - 5422*m + 2720. Give k(1355).
10
Let n(u) = 96578*u + 1641828. Determine n(-17).
2
Let x(i) = i**2 - 3659*i + 1354724. Calculate x(418).
-14
Let g(z) = z**2 + 3069*z - 58745. What is g(19)?
-73
Let k(a) = -209*a**2 + 79603*a + 9913. Give k(381).
7
Let r(v) = 94*v + 9793. Determine r(-65).
3683
Let o(l) = 4588*l - 78002. Determine o(17).
-6
Let k(q) = -36*q**2 - 298*q + 2093. Determine k(6).
-991
Let q(l) = -l**3 - 184*l**2 + 1883*l - 11069. Calculate q(-194).
-11
Let y(x) = 2*x**2 - 796*x + 67960. What is y(124)?
8
Let j(q) = -388*q - 4563. Determine j(-15).
1257
Let l(s) = -314*s**2 + 50552*s + 247. Give l(161).
-75
Let f(y) = -2*y**3 - 58*y**2 - 299*y + 66. Give f(-23).
595
Let b(z) = -z**3 + 79*z**2 + 191*z - 2081. Determine b(81).
268
Let v(y) = -3*y**2 + 471*y - 8103. What is v(17)?
-963
Let o(d) = -11*d**3 - 29*d**2 + 416*d + 1220. Calculate o(-3).
8
Let b(i) = i**3 - 1458*i**2 + 89188*i + 1796. Give b(64).
4
Let o(u) = -7*u**2 - 472*u + 508. Give o(-70).
-752
Let x(v) = 405*v + 33513. Determine x(-84).
-507
Let f(g) = 1882*g - 39379. What is f(21)?
143
Let w(k) = -88*k + 10203. Determine w(116).
-5
Let i(w) = 299186*w - 18549548. Calculate i(62).
-16
Let g(a) = -a**3 + 27*a**2 + 116*a + 6. Calculate g(31).
-242
Let h(v) = -v**3 - 90*v**2 - 1536*v + 287. Determine h(-67).
-48
Let w(l) = 174*l**2 + 28947*l + 95351. Give w(-163).
-4
Let o(g) = -420*g**2 + 1672*g + 37. Calculate o(4).
5
Let j(q) = 27*q**2 + 16*q - 15. Give j(-2).
61
Let o(v) = -v**3 + 17*v**2 + 164*v - 1. Give o(0).
-1
Let q(r) = -2*r**3 - 32*r**2 + 39*r - 21. Calculate q(-16).
-645
Let j(x) = -2*x**2 - 131*x + 3295. Give j(-80).
975
Let u(g) = -5*g**3 - 668*g**2 - 4435*g - 27. What is u(-7)?
1
Let k(l) = -275*l**2 + 6049*l - 26394. Calculate k(6).
0
Let b(c) = -4*c**2 + 1009*c - 57215. What is b(86)?
-25
Let i(h) = -4649*h + 18505. Give i(4).
-91
Let j(b) = -10*b**3 - 28*b**2 - 127*b - 252. Calculate j(-4).
448
Let j(z) = -7*z**2 + 101*z - 371. Give j(9).
-29
Let n(k) = 3*k**3 - 9*k**2 + 7*k + 9. Calculate n(2).
11
Let p(x) = -119*x**2 + 5125*x + 64. Give p(43).
408
Let u(n) = -11*n**2 - 159*n - 93. Give u(0).
-93
Let o(g) = -6166496*g - 12332995. What is o(-2)?
-3
Let n(j) = -1169479*j. Give n(0).
0
Let y(r) = -9*r**2 + 329*r + 9741. Calculate y(-24).
-3339
Let a(i) = i**3 + 33*i**2 + 47*i + 900. Calculate a(-32).
420
Let l(p) = -28*p**3 + 325*p**2 - 819*p + 83. Give l(8).
-5
Let t(h) = 165*h + 8778. What is t(-53)?
33
Let v(q) = 2*q**3 - 8*q**2 - 281*q + 79. What is v(14)?
65
Let v(z) = z**3 + 4*z**2 - 271*z - 677. What is v(-18)?
-335
Let q(u) = -3*u**3 - 600*u**2 - 10801*u - 140. Give q(-180).
40
Let b(n) = -219*n + 2348. What is b(11)?
-61
Let i(f) = -f**3 - 289*f**2 - 2839*f - 13731. What is i(-279)?
-60
Let i(w) = -3*w**3 + 76*w**2 + 800*w - 1347. Give i(33).
6
Let m(t) = -3*t**2 + 2284*t + 54961. Give m(-24).
-1583
Let u(c) = c**3 - 55*c**2 + 218*c - 2670. Calculate u(52).
554
Let a(g) = -g**3 - 45*g**2 - 185*g - 317. Determine a(-4).
-233
Let y(d) = -5*d**3 - 55*d**2 - 65*d + 142. Give y(-9).
-83
Let z(v) = v**3 - 154*v**2 - 582*v - 7886. Calculate z(158).
14
Let u(r) = -8*r**3 + 31*r**2 - 180*r + 61. What is u(5)?
-1064
Let o(d) = -d**3 + 14*d**2 - 68*d + 253. Determine o(9).
46
Let d(q) = 3324*q + 94981. What is d(-29)?
-1415
Let u(a) = -a**3 + 151*a**2 - 1271*a - 26. Give u(142).
968
Let c(v) = v**3 + 76*v**2 + 1321*v - 49. Give c(-27).
5
Let x(j) = j**3 - 74*j**2 - 342*j + 2298. What is x(78)?
-42
Let f(z) = -2*z**3 - 64*z**2 - 603*z - 642. What is f(-16)?
814
Let m(p) = -p**3 - 19155*p**2 + 76633*p + 8. Determine m(4).
-4
Let v(z) = 2*z**3 + 3191*z**2 + 11100*z - 70053. Give v(-1592).
-5
Let i(q) = -8*q**2 + 202*q + 599. What is i(28)?
-17
Let f(x) = -x**2 - 85*x + 1726. Determine f(17).
-8
Let n(y) = 2*y**3 + 133*y**2 + 187*y + 231. Determine n(-65).
751
Let p(i) = 8*i**2 - 1364*i - 5597. Give p(-4).
-13
Let d(a) = 1746*a - 19047. What is d(12)?
1905
Let n(h) = -351*h**2 - 3114*h - 6802. Determine n(-5).
-7
Let k(r) = 10*r**2 + 517*r - 45. What is k(-51)?
-402
Let b(m) = 3*m**3 - 71*m**2 + 150*m + 380. Calculate b(21).
2
Let x(v) = -v**2 - 354*v - 27171. Calculate x(-113).
62
Let s(x) = 6613*x + 5237487. What is s(-792)?
-9
Let c(f) = -f**3 - 520*f**2 + 3160*f + 2110. Calculate c(-526).
6
Let z(q) = 34*q**2 + 827*q + 2600. Give z(-21).
227
Let l(u) = -u**2 + 794*u - 16334. Calculate l(20).
-854
Let x(f) = -3919*f + 321357. What is x(82)?
-1
Let b(o) = 7*o**2 + 1664*o - 5079. Determine b(3).
-24
Let q(p) = -8*p**3 - 173*p**2 - 103*p - 45. Give q(-21).
-87
Let c(y) = -y**2 + 3826*y + 166287. Determine c(-43).
-80
Let f(m) = 2*m**2 + 324932*m + 1624614. Determine f(-5).
4
Let f(j) = -681328*j - 11582583. What is f(-17)?
-7
Let g(a) = 16*a**2 - 318*a + 816. Calculate g(17).
34
Let a(j) = -135*j**2 + 823*j + 7. Determine a(7).
-847
Let j(g) = -31181*g - 342993. Give j(-11).
-2
Let q(g) = 2*g**3 - 35*g**2 + 115*g + 358. What is q(10)?
8
Let l(n) = -25*n**2 - 23523*n + 1875. Determine l(-941).
-7
Let l(a) = 10221*a + 6398340. Determine l(-626).
-6
Let j(i) = 8*i**3 + 109*i**2 - 157*i - 1. Give j(-15).
-121
Let t(u) = u**3 - 16*u**2 + 62*u - 29. Calculate t(6).
-17
Let p(x) = -2*x**2 + 2460*x + 104242. What is p(-41)?
20
Let b(p) = 11*p**3 + 43*p**2 + 26*p + 54. What is b(-4)?
-66
Let n(s) = -55*s**2 - 24914*s + 420. Determine n(-453).
-33
Let x(r) = -r**3 - 58*r**2 - 789*r + 111. Calculate x(-36).
3
Let p(u) = 5396*u + 151194. Determine p(-28).
106
Let k(m) = -m**3 + 725*m**2 - 41692*m - 9268. What is k(662)?
0
Let z(i) = 26071*i - 26419. Give z(1).
-348
Let f(r) = 17*r**3 - 371*r**2 + 144*r - 4607. Calculate f(22).
13
Let j(r) = -3*r**2 + 110*r - 305. What is j(3)?
-2
Let n(m) = 1389*m - 540279. What is n(389)?
42
Let f(y) = -21*y**3 - 665*y**2 + 219*y - 100. What is f(-32)?
60
Let y(h) = h**3 - 23*h**2 - 146*h + 447. Determine y(26).
-1321
Let f(k) = 5537*k - 139530. What is f(25)?
-1105
Let k(l) = -7*l**2 - 52*l + 312. Calculate k(4).
-8
Let q(j) = -21656*j - 151561. Calculate q(-7).
31
Let z(c) = 2*c**2 + 223*c - 40098. Determine z(-208).
46
Let h(z) = 73*z + 2636. What is h(-37)?
-65
Let f(g) = -g**2 - 177*g - 8217. Determine f(-81).
-441
Let y(j) = j**2 - 474*j + 50077. Calculate y(159).
-8
Let x(z) = -1631112*z - 1631096. What is x(-1)?
16
Let n(j) = -j**2 + 2904*j + 356510. Determine n(-118).
-86
Let s(o) = o**2 + 639*o - 11113. Give s(17).
39
Let i(o) = 1428*o - 112753. Give i(79).
59
Let l(z) = 3299*z - 9871. Determine l(3).
26
Let u(m) = -2*m**3 + 43*m**2 - 149*m - 381. Calculate u(17).
-313
Let j(f) = -53017*f + 530164. What is j(10)?
-6
Let c(v) = 5*v**3 + 73*v**2 + 9*v + 585. Give c(-15).
0
Le